f -5 - (80048/(-18) - 2 - 40/(-360)).
2, 11, 101
Suppose 5*v - 47 - 208 = 0. Let z be 2/13 - 4278/(-78). Suppose -632 = v*x - z*x. List the prime factors of x.
2, 79
Let z be (-2)/6 + 41395/255. Suppose 3*c = -z + 2367. List the prime factors of c.
3, 5, 7
Let c(y) = -y**3 - 3*y**2 - 4*y - 1. Let h be c(-5). Let v be (1624/196)/(3/(-21)). Let l = v + h. List the prime factors of l.
11
Suppose 0 = 2*a - m + 5, -2*m + 4*m = -4*a - 6. What are the prime factors of 28106/138 + a/(-6)?
2, 3, 17
Let j(d) = 25*d**2 + d - 116. Let h be j(-16). Suppose 12*a = h - 220. What are the prime factors of a?
2, 3, 7
Suppose -3*w + 5 + 7 = 0. Suppose 79*j - 80*j - 3*q = 2, -5*q = j + 4. What are the prime factors of (36/6 - w) + j*3?
5
Let x(t) = -151*t**3 + t**2 - 56*t - 144. What are the prime factors of x(-3)?
2, 3, 5, 137
Suppose 98582 = 2*q - 5*j, 4*j = 20*q - 15*q - 246489. What are the prime factors of q?
7, 7043
Let i(s) = 6*s - 49. Let q(j) = -j**2 + 8*j - 6. Let c be q(5). Let n be i(c). Suppose 3*t - 117 = n*k + 39, 2*t - 3*k = 105. What are the prime factors of t?
3, 19
Let j(h) = 687*h + 652. What are the prime factors of j(2)?
2, 1013
Let b = 72 - 68. Suppose 4*x = -b*x + 432. List the prime factors of (-3)/x*-4 - (-1024)/9.
2, 3, 19
Let t be -11 - (6/(-2) + 2). Let b = -10 - t. Suppose -4*p = -b*n - 3*n - 44, -5*n = p - 11. List the prime factors of p.
11
Let g(v) = 20*v - 11. Let b be (124/12)/(2/6). Let d = 35 - b. What are the prime factors of g(d)?
3, 23
Let a(q) = -4487*q - 714. List the prime factors of a(-2).
2, 5, 7, 59
Let c(u) = -1557*u + 20. Let k(a) = 1555*a - 21. Let o(j) = 4*c(j) + 5*k(j). List the prime factors of o(1).
2, 761
Let z = -37 - -40. Suppose -t + 116 = z*t. Suppose 377 = 6*b + t. What are the prime factors of b?
2, 29
Suppose -5*h - 5*v = 25, 0*h - 5*h = -v + 31. Let b be (12/(-8))/(h/(-16)). What are the prime factors of -3 - (b - -3) - -43?
41
Suppose 23*a - 4*y - 10552 = 21*a, -3*a + 15860 = 2*y. What are the prime factors of a?
2, 1321
Suppose -68*h - 16 = -72*h. Suppose -2*r - 3*d + 215 = 0, -557 = -r - h*r - d. What are the prime factors of r?
2, 7
Let x(z) be the second derivative of -z**5/20 + z**4/12 + z**3/2 + 9*z**2 + 10*z. List the prime factors of x(-6).
2, 3, 7
Suppose 28 = 5*w - 2*r, 3*w = -3*r + 9 + 12. Suppose 0 = 5*l + w - 11. List the prime factors of 1278/15 - l/5.
5, 17
Let m(u) = -55*u**3 + 72*u**2 + 430*u - 31. What are the prime factors of m(-6)?
29, 409
Let q be (-140)/21 + 6 - (-106604)/12. Suppose 301*c - 292*c = q. List the prime factors of c.
3, 7, 47
What are the prime factors of 6 + 11348 + (4 - 28)/(-3)?
2, 13, 19, 23
Let m be 83 + 2 - (0 + -3). Suppose -4*t + 0*a - 352 = 5*a, -m = t + 2*a. Let q = 160 + t. What are the prime factors of q?
2, 3
Suppose 60*i - 1151728 - 62252 = 0. What are the prime factors of i?
20233
Suppose 74*d + 69*d - 2070068 = 0. List the prime factors of d.
2, 7, 11, 47
Let f be 1222/6 + 2/6 + -1. Suppose -f = -l - k, 0 = -k - 3 + 6. Let n = l - 113. What are the prime factors of n?
3, 29
Let b(u) = 107*u**2 + 55*u - 46. List the prime factors of b(6).
2, 11, 47
Let u = 664 - 613. Suppose u*g - 72*g = -16233. List the prime factors of g.
773
Let o(b) be the second derivative of -7*b**5/20 + b**4/6 - 11*b**3/6 - 7*b**2 + 15*b. List the prime factors of o(-4).
2, 3, 5, 17
Let s = -59 + 4. Suppose -30*g - 90 = -36*g. Let h = g - s. What are the prime factors of h?
2, 5, 7
Suppose y - 16436 - 12592 = -5*x, 3*y = -3*x + 17400. List the prime factors of x.
5807
Let x = 61 - 61. Suppose h = -j + 5*j - 785, x = j - 2*h - 198. Suppose 0 = -22*i + 18*i + j. What are the prime factors of i?
7
Suppose -4*v = a + 6 - 32, 0 = -4*v - 3*a + 22. Suppose -v*o = -11*o + 48. List the prime factors of o.
2, 3
Let j = 8307 - -10655. List the prime factors of j.
2, 19, 499
Let p = 0 - -71. Suppose -3*x = 4*h - 1515, h - 1506 = p*x - 74*x. List the prime factors of x.
3, 167
Suppose 85*q - 48*q = 42809. What are the prime factors of q?
13, 89
Let n = -29225 - -96038. List the prime factors of n.
3, 22271
List the prime factors of 2/(-5) + (-11492720)/(-300) + 3/9.
29, 1321
Let y(x) = x**3 + 12*x**2 - 11*x + 14. Let z(t) = -8*t - 31. Let g be z(-5). Let k be (80/(-30))/(2/g). List the prime factors of y(k).
2, 73
Let c be ((-2)/4)/(7/28). Let p be c + 468/10 + (-27)/(-135). Let a = 136 - p. List the prime factors of a.
7, 13
Let c be (-15)/(-5) + -8 + 3 + 1. Let f = -1 + 0. List the prime factors of ((-6)/9 - c)*f*-438.
2, 73
Let y(j) = -j**2 + 10*j + 249. Let s be y(35). Let c = -342 - s. List the prime factors of c.
2, 71
Suppose 494416 = -69*v + 1413772. List the prime factors of v.
2, 3331
Let m(f) = 28*f + 39. Let s be m(-6). Let v = 96 + s. List the prime factors of 8058/33 - (-6)/v.
2, 61
Suppose -4*x = 4*z + 648, -x - 13 = 4*z + 155. Let y = -121 - x. What are the prime factors of y?
3, 13
Let v = 49336 - 33573. What are the prime factors of v?
11, 1433
Let j(p) be the second derivative of 19*p**4/3 + p**3/3 - 97*p. List the prime factors of j(1).
2, 3, 13
Let d = -2079 + 25491. List the prime factors of d.
2, 3, 1951
List the prime factors of ((-57990)/(-24) - -3)/((-17)/(-8) - 2).
2, 9677
Let h(q) = -12486*q - 1575. List the prime factors of h(-3).
3, 443
Suppose 5*c + 21 = 21. Let g = -76 - -247. Suppose -2*x + x + g = c. What are the prime factors of x?
3, 19
Suppose -16865 = -3*t - 4*j, -5*t - 3021 + 31135 = j. What are the prime factors of t?
5623
Suppose -o = -6*o + u + 125613, -u = -3*o + 75369. List the prime factors of o.
2, 3, 53, 79
Let z be (2 - -6) + (-120)/24. Suppose 2*m - 5 = -1. Suppose 5*w = m*b - 183, -4*b = w + z*w - 436. List the prime factors of b.
2, 13
Let o(q) = 1042*q + 1730. List the prime factors of o(6).
2, 13, 307
Let s be 122/793 + 4/(-26). Suppose s = 5*c - 458 - 117. List the prime factors of c.
5, 23
Let o = -19649 + 32490. List the prime factors of o.
12841
Suppose 4*p - 5*g + 71993 = 211033, 2*g - 34786 = -p. What are the prime factors of p?
2, 3, 5, 19, 61
Let v be 4/(-22) + -71*7/(-11). List the prime factors of (1062/(-15))/(3/(v/(-6))).
3, 59
Let x = -175 - 50. Let p = 707 + x. What are the prime factors of p?
2, 241
Let u be (10 - (3 - 2)) + -5 - -59. Let h = 46 + u. What are the prime factors of h?
109
Let w(h) = -2 - 50*h + 30*h + 2*h**2 + 25*h. Let a be w(-3). What are the prime factors of 9*(-148)/(-12) + 0/a?
3, 37
Let x(p) = -p**2 + 12*p - 27. Suppose -209*g = -204*g - 15. Let l be x(g). Suppose l = 7*a + 1067 - 3104. List the prime factors of a.
3, 97
Let j(i) be the second derivative of 3*i**5/20 + i**4/6 - 2*i**3/3 + i**2 + 66*i. List the prime factors of j(2).
2, 13
Suppose 5*v - 5 = 4*v. Let m(z) = -z**2 + 63*z - 79. Let y be m(53). Suppose -1181 = -v*h - y. List the prime factors of h.
2, 73
Let v(r) = -r**3 - r**2 + r. Let g(l) = 5*l**3 - 24*l**2 + 20*l + 46. Let k(a) = -g(a) - 6*v(a). Let h be k(-31). List the prime factors of (-5)/10*h*2.
3, 67
Let r be 4/(-10)*75/(-5). Suppose -r*m + 2*m + 108 = 0. Suppose -2*x + m = -53. What are the prime factors of x?
2, 5
Suppose 0 = -17*z + 6*z + 51297 + 634. What are the prime factors of z?
4721
Let l be (-5 - -1)/(108/(-2214)). Suppose k + 224 = 4*k - 5*h, -2*h = -4. Suppose -p + l = -k. List the prime factors of p.
2, 5
Suppose 5*a = -2*o - 0*a + 289, 2*o + 2*a - 274 = 0. Let q be (-2)/(-7) - (23960/315 - 12/(-54)). Let v = o + q. List the prime factors of v.
2, 7
List the prime factors of (6 - (-45)/(-3)) + (-145090)/(-11).
7, 269
List the prime factors of 28015/(-78)*8*(-9)/6.
2, 5, 431
What are the prime factors of (17/((-425)/(-10)))/(6/830955)?
31, 1787
Suppose 7*v - 3*v - 244 = -4*s, 5*v - 248 = -4*s. Let u(f) = 7 + 12*f + 1 - s*f - 61*f. What are the prime factors of u(-1)?
2, 3, 19
Suppose 37*m - 17*m - 33268 = 18*m. List the prime factors of m.
2, 8317
Let z(g) = g**3 + 41*g**2 + 65*g - 58. Suppose 58*y = 55*y - 117. List the prime factors of z(y).
449
What are the prime factors of (3006/15)/(30/144500*17)?
2, 5, 17, 167
Suppose 20*u - 18*u - g = 41045, -u + g = -20520. What are the prime factors of u?
5, 821
Let s be -4*1851/(-6) + -4. Let y = s + -797. List the prime factors of y.
433
Let v(d) = -55 + 25*d + 50 + 24*d**2 - 19*d. What are the prime factors of v(4)?
13,